st common factor of 628 and v?
157
Let n(u) = u**2 - 15*u - 4. Suppose 21*j = 28*j - 70. Let r be n(j). Let f = 138 + r. Calculate the greatest common factor of 12 and f.
12
Let f be -8 - (14597 + -5)/(-4). Calculate the greatest common factor of f and 325.
65
Let v be 11910/74 - (-66)/1221. What is the greatest common factor of 920 and v?
23
Suppose 16*b = 5*b - 132. Let p = -2 - b. Let g = p + 26. Calculate the highest common factor of 288 and g.
36
Let a = -1542 - -3155. Suppose 5623 = 36*c - a. What is the greatest common divisor of c and 335?
67
Let m(s) = 17*s**3 - s. Let a be m(1). Let n = 4 + 12. What is the greatest common factor of n and a?
16
Suppose -25 = -3*o + 2*q + 41, 2*q = 0. Suppose -4*k + o*g + 208 = 18*g, -3*k - 5*g = -188. What is the greatest common divisor of 42 and k?
14
Let x be 885/(-118)*2/3. Let j(c) = -c**3 - 3*c**2 - 5*c - 62. Let q be j(x). Calculate the greatest common factor of q and 325.
13
Let k(m) = 9*m - 11 - 6 + 8. Let f = 76 - 73. Let s be k(f). What is the highest common divisor of s and 12?
6
Let i(z) = 13*z**2 + 45*z + 58. Let d be i(-6). What is the highest common divisor of 224 and d?
32
Suppose 0 = -2*p + 35 + 177. Let f(q) = -q**3 - 120*q**2 + 9180*q + 106. Let k be f(53). Calculate the greatest common factor of k and p.
53
Let h(q) = -20*q + 118. Let v be h(6). Let o be v*(-61)/14 - (-18)/63. What is the greatest common factor of 171 and o?
9
Let n(q) = 7*q**3 + 43*q**2 + 9*q + 16. Let a be n(-6). Let i be 55470/495 - a/(-33). What is the highest common factor of i and 28?
28
Suppose -16*o - 200 = -232. Let w(h) = h**2 + 6*h + 6. Let r be w(-8). What is the highest common factor of r and o?
2
Let r(l) = -622*l + 639. Let f be r(0). Calculate the greatest common factor of 72 and f.
9
Suppose 0 = 6*u + 131 - 683. Suppose -5*h + u = -38. Suppose 2*r + 5*k - h = 0, 2*k = 4*r - 3*k - 22. Calculate the greatest common factor of r and 2.
2
Let x = 1369 - 735. Suppose 4*u - x - 698 = 0. Calculate the greatest common divisor of 37 and u.
37
Let h be -20*((-423)/105 - 20/35). Calculate the highest common divisor of h and 164.
4
Let m = -225 - -302. Let a = -61 + m. What is the greatest common divisor of 32 and a?
16
Suppose 19*z - 25*z = -12. Suppose 0*x - z*x = -5*x. Suppose x = 3*m + 3, -3*m + 131 = 2*g - 4*m. Calculate the greatest common divisor of g and 13.
13
Let f be 408/(-72) + 10/6 + -22. Let l be (f/(-78))/(2/3216). Calculate the greatest common factor of 8 and l.
8
Let b be ((-2)/(-1) - -1)*77. Suppose 7*p + 15*p = -1032 + 3210. What is the greatest common divisor of p and b?
33
Let g(d) = d + 28. Let w be g(-15). Suppose -4*b = -10*a + 5*a + 53, -5*a = b + 7. Let o be (-315)/b - 6/24. What is the highest common factor of w and o?
13
Suppose -16*r + 8*r + 1152 = 0. Suppose r = -27*u + 31*u. What is the highest common factor of 198 and u?
18
Let k be (34 + 3 + -1 + 1)/1. Let f be ((-9)/45)/(4/(-740)). What is the greatest common factor of f and k?
37
Let q be (-9 - -7)/(1/(-5)). Suppose -q*n = -45 - 85. What is the highest common divisor of n and 4?
1
Let y(k) = 2 + 89*k - 5 - 93*k + k**2 + k**2. Let f be y(8). Let q = -65 + f. What is the greatest common divisor of q and 252?
28
Let b(x) = -5*x**2 + 7. Let j be b(0). Let l be (-13590)/(-126) + 1/j + -4. What is the greatest common factor of l and 8?
8
Suppose 428*v + 780 = 493*v. Calculate the highest common factor of v and 356.
4
Suppose u - 2*f = 23, -12*f = 4*u - 13*f - 85. Suppose -2*h + 0*h + 56 = 0. Suppose 35 = p - h. Calculate the greatest common divisor of u and p.
21
Let z = 8214 + -8126. What is the highest common factor of 891 and z?
11
Suppose -131*p - 1155 = -362*p. Calculate the highest common factor of p and 111.
1
Let m(p) = -403*p - 6106. Let b be m(-18). What is the highest common divisor of 10004 and b?
164
Suppose 3 = w + 3*y, 4*y + 26 = w + w. Let l = 17 - w. Suppose l*a + 22 = 9*a. What is the greatest common divisor of 2 and a?
2
Suppose 2*k + 2*k - 8 = 0, -12 = -4*l - 4*k. Let w(q) = 84*q**3 - q + 1. Let c be w(l). What is the highest common factor of 24 and c?
12
Suppose -5*b - 84 = -2*d, -2*d + 41*b + 84 = 42*b. Let y = -130 - -200. Calculate the greatest common divisor of d and y.
14
Suppose -3*m + 5*g + 1567 = 267, 5*m + 5*g - 2100 = 0. What is the highest common factor of m and 578?
17
Suppose -34*h + 11216 = 193*h - 16705. Calculate the highest common factor of h and 7872.
123
Let i be 18/(-1 - ((-92)/(-48) + -3)). Suppose -i = -0*j - 6*j. Let a = j - 13. Calculate the greatest common divisor of 115 and a.
23
Let a(j) = -742 - 34*j + 824 + 3*j - 18*j. Let g be a(-12). What is the highest common factor of g and 10?
10
Let z(u) = 5*u**2 + 3*u. Let w be z(-2). Let h = 11 + w. Suppose 2*l = 5*r - 54, 6*l = l - 10. What is the highest common divisor of r and h?
5
Suppose f + 230 = 3*y, f + 406 = 5*y + 5*f. Let j = -70 + y. Suppose j*k = k + 70. What is the greatest common divisor of 4 and k?
2
Suppose -4*j + 1564 = -3*f, -2*f + 2421 = 5*j + 489. Let l = -376 + j. Suppose c = -2 + 6. Calculate the highest common divisor of l and c.
4
Let p be (26 - (-2)/1) + 2. Suppose 0 = 8*g - 3*g + 825. Let v be (1 + -3)*g/22. Calculate the greatest common factor of v and p.
15
Let l be 1 + (-77)/(-35)*205. What is the greatest common factor of 3277 and l?
113
Suppose n + 2 = 1, z - 3*n = 65. Suppose 58*s + 112 = z*s. Suppose -4*o - 4 = -5*o. What is the greatest common factor of s and o?
4
Suppose s = -l - 6 - 22, 2*l = -s - 27. Let u = -14 - s. Let k be (-3025)/(-220) - (13/(-4) + 2). What is the highest common divisor of u and k?
15
Let p(n) = 5*n. Let i be p(1). Suppose -5*a - 4*g = -157, -5*g - 175 = -i*a - 0. Let y = -2196 + 2207. Calculate the highest common factor of a and y.
11
Suppose -844 + 108 = -104*i + 12*i. Calculate the greatest common divisor of i and 30608.
8
Let b = -96 + 200. Suppose -29*p + 48 = 2*u - 25*p, 2*p = -2*u + 50. What is the greatest common factor of u and b?
26
Let c(i) be the second derivative of 1/20*i**5 + 0 + 1/6*i**4 + 8*i + 1/6*i**3 - 1/2*i**2. Let t be c(2). What is the greatest common factor of t and 187?
17
Suppose 2*g - 23 + 8 = 5*m, -5*g + 22 = 3*m. Suppose l - 326 = -3*o, 0 = -g*o - 4*l + 133 + 415. What is the highest common divisor of 3 and o?
3
Let k = -745 + 427. Let l = k - -938. What is the highest common divisor of l and 20?
20
Let r be ((-1858)/(-12))/(565/23730). Calculate the highest common factor of 14 and r.
7
Suppose 84*t - 1013 = 415. Calculate the highest common divisor of 2193 and t.
17
Let d = 183 - 338. Let q = d - -350. Calculate the highest common divisor of q and 15.
15
Let p be (0 - -7 - 3)*(-3)/2 + 83. Calculate the greatest common divisor of 112 and p.
7
Suppose 1144 = g - 5*d, -4*g + 4474 = 386*d - 389*d. Calculate the highest common factor of 2 and g.
2
Let j be ((-2)/(-2))/(-20*23/(-2300)). Calculate the highest common factor of 865 and j.
5
Let p = 569 + -566. Suppose -p*j - 38 - 61 = -3*w, 4*j - 124 = -4*w. What is the highest common factor of w and 120?
8
Let s = -5300 + 5444. Suppose -61 = -5*u - 4*p - 0*p, 0 = -2*u - 2*p + 26. What is the highest common factor of u and s?
9
Let d(y) = -3*y - 62. Let i be d(-21). Let z be (5/(-4))/(i/(-116)). Suppose z = 12*g - 251. What is the greatest common divisor of g and 44?
11
Let j be 15*30/(-9)*(-9)/((-90)/(-8)). Calculate the greatest common divisor of j and 785.
5
Suppose 316*b - 40268 = -13724. Calculate the highest common factor of 92 and b.
4
Suppose -10*c = 10*c + 638 - 1038. Calculate the highest common divisor of 7090 and c.
10
Let p(v) = -14*v**3 - 6*v**2 - 21*v - 21. Let r be p(-8). Calculate the greatest common factor of 29 and r.
29
Suppose 1441 - 1444 = -3*r + 3*x, -5*x = -r - 23. What is the greatest common factor of 4284 and r?
7
Suppose r - 4*r + 45 = 2*r - 5*v, 0 = 4*v. Calculate the highest common factor of r and 9522.
9
Suppose -2*g - 8 = 0, 18*g - 21*g = 5*m - 1688. Calculate the highest common factor of 60 and m.
20
Let r(c) be the second derivative of -c**3/2 + 3*c**2/2 - 19*c. Let t be r(0). Suppose 0 = 2*v + 2*v - 84. Calculate the highest common divisor of t and v.
3
Let d(k) = k**3 + 9*k**2 - 19*k - 24. Let i be d(-10). Suppose -5*q - 3*h = -0*q - 975, 4*q - 3*h - 807 = 0. What is the gre